6*v. What is the remainder when v is divided by (11/(-2) + 0)*(-10)/5?
8
Suppose 2*j + 12 = 5*j. What is the remainder when j is divided by 3?
1
Let o be 172/10 + 3/(-15). Let h(w) = o*w**2 - 9*w**2 + 3*w - 4 - 4*w**2. What is the remainder when h(3) is divided by 21?
20
Let a = -7 - -17. Suppose 3 = 5*m - 27. What is the remainder when a is divided by m?
4
Let o(x) be the second derivative of -x**5/20 - x**3/2 - 3*x**2/2 - x. Let d be o(-2). Let g = 26 - d. Calculate the remainder when 44 is divided by g.
14
Let p(n) = -7*n - n**2 + n**2 + 7 - n**2. Suppose 0*v + v + 3*f = 25, -75 = -3*v + 3*f. Calculate the remainder when v is divided by p(-6).
12
Let m be 6*(-2 - -3)*3. Let b = -6 + m. What is the remainder when b is divided by 5?
2
What is the remainder when 11 is divided by 21/6 + (-6)/4?
1
Let g = 28 + -24. Suppose -43 = -5*a + 3*m, -34 = -g*a + 2*m - 0*m. Calculate the remainder when 21 is divided by a.
5
Calculate the remainder when 5/(-4)*(-120)/2 is divided by 22.
9
Suppose -66 = -2*a - 5*v, -2*v - 103 = -5*a + v. What is the remainder when 90 is divided by a?
21
Let w be (-2 + (7 - -1))/2. Suppose 4*x = s - 11, 0 = -3*s + w*x + 25 - 1. What is the remainder when (0 - 1)*-17 + 3 is divided by s?
6
Let r = 2 + 1. Suppose 4*f + 8*v - 13 = 5*v, r*f = -2*v + 10. Calculate the remainder when 6 + (1 - 0/2) is divided by f.
3
Let c = -4 + 26. Suppose p + 4 = 6. What is the remainder when p/(-3) + 2134/33 is divided by c?
20
Let u(h) = h - 7. Let m be u(11). Suppose m*t - 49 = b - 0, 65 = 5*t - 5*b. What is the remainder when t is divided by 7?
5
Suppose 19*x = 15*x + 56. What is the remainder when 54 is divided by x?
12
Suppose 0 = -4*z + 2*f + 60, -4*z + 5*f = -53 - 1. Calculate the remainder when 60 is divided by z.
12
Let a(x) = x**2 + 3*x + 2. Let i be a(-3). Suppose 3*d = -i*t - 3, 6*t - 3*t = d + 23. What is the remainder when 11 is divided by t?
5
Let o = -5 - -13. Suppose 0 = -8*l - 18 + 186. What is the remainder when l is divided by o?
5
Let h(l) = 7*l - 5. Let z(o) = -8*o + 6. Let j(x) = -6*h(x) - 5*z(x). What is the remainder when j(-1) is divided by 1?
0
Let n = -510 + 542. Let c = 222 - 96. Calculate the remainder when c is divided by n.
30
Suppose 5*b = 3*s - 239, s + 3*s - b - 330 = 0. Let p = -48 + s. What is the remainder when p is divided by 9?
8
Let l(f) be the third derivative of f**4/4 + f**3/6 - 5*f**2. Calculate the remainder when 74 is divided by l(3).
17
Suppose 3*u = 3*q + 213, -4*u - 166 = -q - 465. What is the remainder when u is divided by 20?
16
Calculate the remainder when (5 - 41/4)/(3/(-32)) is divided by 12.
8
Suppose -5*m - 75 = -5*g, g = 2*m + 17 + 1. What is the remainder when 47 is divided by g?
11
Suppose 0 = 4*f - 149 - 95. What is the remainder when f is divided by 31?
30
Suppose -2*p = -3*q - 148 - 54, 3*p - 281 = -q. Calculate the remainder when p is divided by 16.
15
Let z = 26 - 20. Let m = -8 - -10. What is the remainder when z is divided by m?
0
Calculate the remainder when 67 is divided by (0 - 2)*23/(-2).
21
Suppose 2*i + 0*i + 4*x - 20 = 0, 0 = 3*i + 4*x - 28. Suppose -4*y + i = -24. Let m(q) = 4*q - 2. Calculate the remainder when m(y) is divided by 16.
14
Let f be (0 - 2)*1/2. Calculate the remainder when 48 is divided by f*(-51)/(-2 - -5).
14
Suppose 12*g - 115 - 257 = 0. Calculate the remainder when g is divided by 16.
15
Let v = 5 + 2. Suppose -7*z + 2*z + 26 = -2*m, -5*z - 64 = 3*m. Let r = -5 - m. Calculate the remainder when r is divided by v.
6
Let l = 107 - 43. Suppose l = 3*a - 3*x + 2*x, -4*a + 3*x + 92 = 0. Let t(v) = v**3 + 4*v**2 - 4*v - 5. What is the remainder when a is divided by t(-4)?
9
Suppose 5*v - i = 25, 0 = 3*v - 3*i + 2*i - 15. Suppose v + 10 = 5*p. Calculate the remainder when 11 is divided by p.
2
Suppose 3*f - 2*f = -5*a + 5, 0 = -3*f + 5*a + 15. What is the remainder when 24 is divided by f?
4
Suppose 3 = 4*p + c - 14, 3*c + 17 = 5*p. Calculate the remainder when 13 is divided by p.
1
Suppose 2*u = 3*u - 15. Suppose -3*f + u = 2*f. Suppose -15 = 3*a, -4*a - f + 0 = i. What is the remainder when 33 is divided by i?
16
Let p = -20 + 29. What is the remainder when 17 is divided by p?
8
Let g = 16 - 27. Calculate the remainder when 28 is divided by -3 + 2/1 - g.
8
Let t be (-2)/(0 - (-3)/(-3)). Suppose 61 = 4*y - 5*n, -3*y + 6*n - t*n = -47. Suppose 3*m - 33 = -y. What is the remainder when 15 is divided by m?
7
Let l be 20*(2 + (-6)/4). Suppose 4*r = 4*b + 4, -3*b + b + l = 4*r. Suppose 17 = 4*q - 3*x, -3*q + 3*x = 5*x. Calculate the remainder when q is divided by b.
0
Let w(g) = -6*g + 2 - 4 + 3 - 2. Calculate the remainder when w(-3) is divided by 9.
8
Let k = -13 + 9. Let u be (-2)/3*18/k. Suppose 0 = 5*v + u*l - 16, 3*v - 30 = -0*v + 5*l. What is the remainder when 8 is divided by v?
3
Let u = 0 + 2. Suppose 2*q - u*n = 71 - 13, 0 = 5*q + 4*n - 154. Calculate the remainder when q is divided by 16.
14
Let d(f) = f**3 + 8*f**2 + 4*f - 2. Let t(m) = -m**3 - 9*m**2 - 5*m + 1. Let u(s) = 4*d(s) + 3*t(s). What is the remainder when 12 is divided by u(-4)?
5
Let x be -1 + 3 - (9 + -5). Let z = -4 - x. What is the remainder when 24*(z/(-3) - 0) is divided by 9?
7
Let q(v) = -2*v**3 + 14*v**2 - 7*v - 13. What is the remainder when 34 is divided by q(6)?
0
Suppose -5 = j, 3*a + 3*j = 2 + 10. What is the remainder when 17 is divided by a?
8
Let k = -19 - -29. Calculate the remainder when 29 is divided by k.
9
Suppose -2*b - 4 = -10. Suppose 0 = -2*m - 4 + 10. Suppose 5*l + 4*q + 0*q = 55, -m*l + 4*q = -33. What is the remainder when l is divided by b?
2
Suppose -34*g = -32*g - 4. Calculate the remainder when 5 is divided by g.
1
Let p = 4 + -3. Let s = 24 + -18. Calculate the remainder when s is divided by (-30)/(-8) + p/4.
2
Suppose 2*p = 8, 0*p + 23 = 5*x - 3*p. Let a = -6 + x. Suppose 0 = -4*o, 5*t - 4 = -o + 1. What is the remainder when a is divided by t?
0
Suppose 4*n + 5*d - 195 = 187, 3*d = -n + 92. What is the remainder when n is divided by 17?
13
Let z(o) = 2*o - 2. Let u = -9 - -13. Calculate the remainder when 3 - 1/(u/(-56)) is divided by z(6).
7
Let t(j) = -j**2 + 7*j + 3. Suppose -5*y + 10 = -20. What is the remainder when 34 is divided by t(y)?
7
Suppose 4*a = 3*x - 381, 130 = x + 4*a + 19. What is the remainder when x is divided by 31?
30
Let j(w) = w**2 + 7*w + 3. Let r be j(-7). What is the remainder when 31 + r/(5 + -2) is divided by 11?
10
Let m(g) = g**2 - 5*g + 19. Calculate the remainder when 97 is divided by m(6).
22
Let u = 10 - 3. Let t = 29 + -31. What is the remainder when 8 + (4 - 2 - t) is divided by u?
5
Let r(g) = g**2 + 8*g - 5. Let o be r(-9). Suppose 3*t + 9 = -o*y + 2, 8 = -5*y - 3*t. Calculate the remainder when (-26)/y - 4/4 is divided by 13.
12
Let u = -41 + 63. What is the remainder when u is divided by 11?
0
Let j be (-24)/(-5) - (-3)/15. Let k = -11 - -16. Suppose j*v = 5*f + 20, -k*f + 3*f = -3*v + 12. Calculate the remainder when v is divided by 3.
1
Let z(g) = -g**3 + 6*g**2 + g - 4. Let m be z(6). Suppose -m*k = -k - 10. Calculate the remainder when 19 is divided by k.
9
Let t = 84 + -23. What is the remainder when t is divided by 31?
30
Let f(c) = -c**3 - 4*c**2 + 5*c + 1. Let n be -4 - ((-2 - -4) + -1). Let t be f(n). Suppose -s + 3 = t. Calculate the remainder when 4 is divided by s.
0
Let a(x) be the first derivative of -x**2/2 + 7*x - 1. Let m be a(6). Calculate the remainder when 31 is divided by 10 + 3 + (-2)/m.
9
Let b(q) = 3*q - 4. Let r be b(3). Suppose 4*z + 3*j - 24 = 0, r*z - j = -0*j + 11. Let t(l) = l**2 + l + 4. Calculate the remainder when t(0) is divided by z.
1
Let c(u) = 19*u + 14. Let y be c(13). Suppose 0 = 5*l + 15, 2*l - 5*l + y = 5*s. Calculate the remainder when s is divided by 14.
12
Let s = 19 - 13. Let u = -30 - -34. Calculate the remainder when s is divided by u.
2
Suppose -51 = -3*u - 5*g, -5*g - 4 = -19. Suppose 0 = -5*s - 0*s + 35. Calculate the remainder when u is divided by s.
5
Let s(i) = 60*i**3 + i**2 + 3*i - 3. What is the remainder when s(1) is divided by 9?
7
Let j(b) = -2*b - 4. Let a be j(-3). Calculate the remainder when ((-20)/1)/((-2)/a) is divided by 7.
6
Suppose 0 = 2*x + 4*p - 58, 4*x - 126 = 2*p - 30. Calculate the remainder when x is divided by 9.
7
Let k(b) = 2*b**2 + 